Let h(a) = -7*a + 5. Let r be h(4). Let n = r + 43. Calculate the highest common factor of 10 and n.
10
Suppose q = u - 2*u + 12, -4*u = -5*q + 60. Let w = 49 + -1. Calculate the greatest common divisor of q and w.
12
Suppose -119 = -4*c + 489. Calculate the greatest common divisor of 19 and c.
19
Suppose 3*y + 12 - 42 = 0. What is the highest common factor of y and 10?
10
Let u(n) = 8*n**2 - 5*n - 7. Let k be u(-3). What is the greatest common divisor of k and 5?
5
Suppose 4*r = -3*i + 29 + 3, -8 = -2*i. Calculate the greatest common divisor of 10 and r.
5
Suppose 0*b - 240 = -16*b. Let x = -12 + 117. What is the highest common factor of b and x?
15
Let p be (-40)/(-12) - (-4)/6. Suppose -p*n - n + 860 = 0. Suppose 2*i + 45 = 2*r - 31, 4*i - n = -5*r. Calculate the highest common divisor of 18 and r.
18
Let v(x) be the first derivative of x**2/2 + 3*x - 4. Let r be v(5). Calculate the greatest common factor of 64 and r.
8
Let q(r) = -r**3 - 6*r**2 - 6*r + 3. Let u be q(-6). What is the highest common divisor of u and 13?
13
Suppose 3*u - 5 = -2. Let y(v) = v - 3. Suppose 3*r + 6 = 21. Let w be y(r). What is the greatest common factor of u and w?
1
Let b be (-22*1)/((-6)/3). Let y = -82 + 170. What is the greatest common divisor of b and y?
11
Suppose -4 - 6 = a. Let c be ((-16)/a)/((-2)/(-20)). Calculate the highest common factor of 80 and c.
16
Let d = 9 + -12. Let y be d/(3 + (-54)/16). Calculate the greatest common divisor of 40 and y.
8
Let b be (-1780)/(-90) - (-2)/9. Let d(f) = -1 + f - f**3 + f + f + 3*f**2. Let c be d(3). What is the greatest common divisor of c and b?
4
Let f = 17 - 5. What is the highest common factor of f and 24?
12
Suppose 16 = 2*r - 3*s, -5*r + 4*s + 31 = s. Let b = 57 - 7. Let w = b - 30. What is the highest common divisor of w and r?
5
Let t = 22 + -15. Suppose -5*d + 5*p + 840 = 0, 5*d - p - 856 = -4*p. Let k = -93 + d. Calculate the highest common factor of k and t.
7
Let l(i) = i**3 + i**2 + 3. Let h be l(0). Suppose -h*g - 2 = -g. Let k be -2 - g - (-102 - 4). Calculate the highest common divisor of 42 and k.
21
Suppose 0 = -12*t + 10*t + 330. Calculate the greatest common factor of t and 15.
15
Let i be 9955/65 + (-1 - (-11)/13). Calculate the highest common divisor of i and 102.
51
Let z(d) = -d**3 + d**2. Let b be z(-1). Let u be 35/b - 1/2. Suppose 4*t + 2 = p - t, 5*t = 15. Calculate the greatest common factor of p and u.
17
Let k be (-3)/5 + (-18)/(-5). Let a be ((-20)/k)/(6/(-63)). What is the greatest common factor of 14 and a?
14
Suppose -3*b + 2*w + 13 = -2*w, -2*b - 5*w = 22. Let i be 1/(2*b/(-10)). Calculate the highest common divisor of 35 and i.
5
Let m(v) = 9 - 9*v**2 - 2*v + 2*v**3 + 6*v + 3 - 5*v. Let c be m(6). Suppose -j + 1 = 0, -y + 3*j + 2*j + 14 = 0. What is the greatest common factor of c and y?
19
Suppose -u = -4*s + 2*u - 1362, 2 = -u. Let q = 485 + s. What is the greatest common divisor of 13 and q?
13
Suppose 2*w = 1 + 11. Let y be w - 4*(-3)/(-6). Suppose -h = -k - y + 28, 0 = -5*k + h + 136. What is the highest common factor of k and 4?
4
Suppose -2 = -2*q + 4. Let s be ((-2)/(-3))/(6/27). Suppose 0*w = w + s*b + 7, 0 = -q*w - b + 3. Calculate the greatest common divisor of w and 5.
1
Let w be (-1)/5*0 + 9. Calculate the greatest common factor of w and 45.
9
Let q(s) = -s + 3. Let a be q(-5). Let u be 6/a + (-2)/(-8). Suppose h + 3*h + u = o, -o - h + 1 = 0. Calculate the greatest common factor of 4 and o.
1
Let y(z) = 2*z**3 + 3*z - 3. Let p be y(3). Let q be 8 - (-3)/6*8. Calculate the highest common factor of p and q.
12
Let k be 4/3*(-12 - -51). Suppose -2*z + v - 1 = -2, -z = -v - 2. Let l be 26/(z - 1 - -4). Calculate the highest common divisor of l and k.
13
Let f be -2 + 540/(-3) - 0. Suppose i - 2*i = 5*y - 1544, -y - 4*i + 324 = 0. Let m = f + y. What is the greatest common factor of 14 and m?
14
Let o(m) = m - 3. Let d be o(5). Let p = d - -1. Suppose -r + 75 = p*r + z, -r - z = -15. Calculate the greatest common divisor of 10 and r.
10
Suppose 44 = y + 3*y. Let u(t) = -1 - y*t - 2*t - 2*t. Let o be u(-1). What is the greatest common factor of o and 70?
14
Let d(b) = 9*b - 16. Let r be d(2). Suppose -2*a + 24 = a. Calculate the greatest common divisor of r and a.
2
Let b(x) = -x - 6. Let u be b(-10). Let p be 25/3 + u/6. Calculate the greatest common divisor of p and 99.
9
Suppose 4*y = -6*k + 4*k - 2, -2*y = -3*k + 21. Calculate the greatest common divisor of k and 45.
5
Suppose -4*g + 25 = 5*i, -3*i + 0 + 15 = -3*g. Suppose -5*q + g = -5*c + 5, -3*c - 3*q = -21. Calculate the greatest common divisor of c and 20.
4
Suppose -2*s + 0 - 2 = 0, 5*x - 2*s = -8. Let a be x/6 + 7/3. Suppose a*n = 4*n - 38. What is the highest common factor of 171 and n?
19
Let t(b) = -13*b - 2. Let k be t(-2). Let n(z) = -z**2 + 5*z + 6 + 0*z**2 + 0*z**2. Let y be n(5). What is the highest common divisor of y and k?
6
Let g be (-10)/15 - (-33)/9. Calculate the highest common factor of 27 and g.
3
Let l = -69 - -139. Calculate the highest common divisor of l and 14.
14
Let y = 19 + 8. Calculate the greatest common divisor of y and 3.
3
Let d be (-1)/3 - 40/(-12). Suppose -2*s - d*c = -7*s + 270, 3*c - 54 = -s. Suppose 0 = -t + 10*t - 54. Calculate the greatest common divisor of s and t.
6
Suppose -2*l = 3*l - 10. What is the highest common divisor of l and 7?
1
Suppose q = 2*q + 9. Let f be (-29)/q - (-8)/(-36). Let a be ((-57)/(-9) + -1)*f. Calculate the greatest common divisor of 112 and a.
16
Suppose -2*o - 3*z = 3*o - 292, z = -2*o + 116. Let t be (22 - 11) + -1 + -2. Calculate the highest common factor of t and o.
8
Suppose 4 = -4*u, -3*u - 2*u = 4*y - 19. Calculate the greatest common factor of 4 and y.
2
Suppose -1 = -4*u + 67. Calculate the highest common factor of u and 17.
17
Let f(r) be the third derivative of r**4/12 - 2*r**3 + 3*r**2. Let s be f(8). Suppose -d + 24 = s. What is the highest common factor of 10 and d?
10
Let p = 182 - 176. What is the greatest common divisor of 6 and p?
6
Let x be (0 - 0) + 4 + -1. Let a be 62 + 2*x/6. Let o be 4/4*a*1. What is the greatest common divisor of o and 7?
7
Let s = 3 + -1. Suppose -5*x + 8 = -2*d, 5*d + x = s*x + 26. What is the highest common divisor of 24 and d?
6
Let m be -3 + 3 - -3 - 1. Suppose 2*r + 2*r = -m*x + 154, -79 = -2*r - 3*x. Let b be 95 + (0 + 0 - 0). Calculate the highest common divisor of r and b.
19
Suppose 0 = -0*b - 3*b. Suppose z + 4*y - 416 = 0, y - 4 = -0*y. Suppose -5*k + k + z = b. Calculate the highest common divisor of k and 20.
20
Let s(m) = -m**3 + 7*m**2 + 5*m - 5. Let x(h) = -3*h - 1. Let o be x(-2). Let q be s(o). Let n = -15 + 25. Calculate the highest common divisor of q and n.
10
Let l be (1 + 0)/(2/36). Suppose -w + 87 = 15. What is the greatest common divisor of l and w?
18
Let a = 163 + -135. What is the greatest common factor of a and 252?
28
Let l = -94 + 111. Calculate the greatest common factor of l and 17.
17
Suppose -4*p = -817 - 83. Suppose -5*u + 0*u = -p. Calculate the highest common divisor of 5 and u.
5
Suppose 0 = -2*b, -2*d + 3*b = 3*d. Let l be d + ((-300)/2)/(-2). Calculate the greatest common divisor of l and 15.
15
Let z = 97 + -89. Let w = 48 + 16. Calculate the greatest common factor of z and w.
8
Let h(k) = -21*k**3 - 2*k**2 - 2*k - 1. Let l be h(-1). What is the greatest common factor of 100 and l?
20
Let p = -1 + 4. Suppose p*k = n - 6, -7*n - 3*k + 12 = -2*n. Suppose n*w + 3*f = 120, -81 = -4*w + 2*f + 49. Calculate the greatest common divisor of w and 14.
7
Suppose 5*u = -k + 55, 3*k = 12 + 3. What is the highest common divisor of u and 30?
10
Let f = -63 + 105. Calculate the greatest common divisor of f and 105.
21
Let o = -43 + 78. Suppose 2*z - 32 = -l - 2, 2*l = 4. Calculate the greatest common divisor of z and o.
7
Let r(w) = w**2 + 2*w - 6. Let t be -3*(4 - 4/2). Let j be r(t). Calculate the greatest common divisor of j and 144.
18
Let g be (2 + 7)/((-3)/38). Let x = 163 + g. What is the highest common factor of 7 and x?
7
Let t be ((-2)/4)/(1/(-12)). Let z be (-2)/(-3) - (-476)/t. Suppose 2*v = 31 - 11. Calculate the highest common divisor of z and v.
10
Let k(b) = b - 1. Let y be k(-3). Let g be y/(-10) + 390/25. Suppose 0*d + g = 4*d. Calculate the highest co